28. What are the prime factors of g?
2, 41
Let a = -9 + 9. Suppose 4*q + 168 = -5*s, a*s - 2*s + q - 75 = 0. Let m = s - -50. What are the prime factors of m?
2, 7
Let m be 2/11 + 14/(-77). Suppose m = 3*q - 7*q + 80. What are the prime factors of q?
2, 5
Let g(o) = -o - 1. Let i be g(-6). Let u be (-9)/(-15) - (-27)/i. List the prime factors of 2/12 + 65/u.
11
Suppose -3*s - 585 = -8*s. Let q = -72 + s. List the prime factors of q.
3, 5
Suppose 78 - 358 = -4*k. What are the prime factors of k?
2, 5, 7
Let s(a) = 2*a**2 - 12*a - 26. What are the prime factors of s(10)?
2, 3
Suppose g - 1 = 2*w, -3*w + 5*w - 3*g + 3 = 0. List the prime factors of 9 + w + (0 - 1).
2
Suppose -12 = -o + 3. List the prime factors of o.
3, 5
Let a be 7/(0 + 0 + 1). Let l = 34 - a. Suppose 0*i + 5*x = 4*i, 3*x = -3*i + l. What are the prime factors of i?
5
Let l = 11 + -6. Suppose -3*y + 44 = 4*k, 0 = k + 3 - l. What are the prime factors of 64/y + (-4)/(-6)?
2, 3
Suppose 5*d - 26 = -2*i, -4*i + 3*d = 7*d - 40. Let c be 14/6 - 2/(-3). Suppose -s + i = c*s. List the prime factors of s.
2
Suppose -3*r = 2*r - 380. What are the prime factors of r?
2, 19
List the prime factors of 1268/5 - 16/(-40).
2, 127
Let y = 5 + -2. Let c be ((-3)/(-9))/((-1)/y). List the prime factors of -2 - c - (-3 - 1).
3
Let y(u) = -2*u + 2. Let c(o) = 1. Let q(v) = -5*c(v) + y(v). List the prime factors of q(-4).
5
Let w(r) = r. Let j(c) = c**2 - 5*c - 1. Let a(z) = j(z) + 3*w(z). Let x be a(3). What are the prime factors of -3 - -9 - (x - 1)?
5
Let p = -3 - -1. List the prime factors of p/3*(-1 - 8).
2, 3
Suppose 3*d - 5*x = -d + 1071, 3*d = x + 817. What are the prime factors of d?
2, 137
Let b = -531 + 198. What are the prime factors of b/(-18) - (-2)/(-4)?
2, 3
Suppose 5*a = 3*u - 203, 2*u = 3*a - a + 142. What are the prime factors of u?
2, 19
Suppose 3*g = 2*q - 79 - 44, 0 = 3*g + 15. What are the prime factors of q?
2, 3
Let v = -7 - -12. Suppose -8*r + 15 = -1. Suppose -5*x - v = 0, r*m + x = 2*x + 11. List the prime factors of m.
5
Suppose 4*w = -9 + 29. Suppose -o = -j + 22, w*j - 5*o = -3*o + 104. What are the prime factors of j?
2, 5
Let b = 11 + -14. Suppose -6*k = -d - k + 22, -5*d + 26 = -4*k. What are the prime factors of 57/(6/d) + b?
2
Let n(x) be the third derivative of 5*x**4/24 - 7*x**3/6 + x**2. Let m be n(9). Let l = -27 + m. What are the prime factors of l?
11
Let m = 7 - -14. Suppose i = m + 7. List the prime factors of i.
2, 7
Let l(c) = -31*c + 19. List the prime factors of l(-3).
2, 7
Let z = -77 - -133. Let v = 84 - z. Suppose 4*c - 4*m = v, c + 4*m - 7 = -2*c. List the prime factors of c.
5
Let g(w) be the third derivative of w**6/40 - w**5/30 + w**4/8 - w**3/6 + 5*w**2. What are the prime factors of g(2)?
3, 7
Let j(t) be the second derivative of 0 + 11/2*t**2 - 1/6*t**3 - 3*t. List the prime factors of j(5).
2, 3
Let q be (1/(-2))/((-12)/(-9168)). List the prime factors of 2/(-9) - q/18.
3, 7
Let u(h) = 20*h - 19. List the prime factors of u(13).
241
Suppose 5*s + 9 + 1 = 0, 14 = 4*y + 5*s. List the prime factors of 96/9 - (-2)/y.
11
Let o = -11 + 2. What are the prime factors of 6/2 - 63/o?
2, 5
Suppose -3*g + 43 = 4*z - 18, -3*z = -5*g - 24. Let h = z - -6. List the prime factors of h.
19
Let c(z) = 3*z**3 - 7*z - 7. Let v(m) = 7*m**3 - 15*m - 15. Let o(h) = 13*c(h) - 6*v(h). Let a be o(-1). Let g = a + -1. What are the prime factors of g?
2
Let q(t) = -13*t + 1. Let j(k) = -k**2 + 5*k - 6. Let i be j(4). What are the prime factors of q(i)?
3
Let c(m) = 9*m - 6. What are the prime factors of c(4)?
2, 3, 5
Let l(h) be the third derivative of -h**7/1260 + h**6/720 + h**5/60 + 3*h**2. Let w(q) be the third derivative of l(q). What are the prime factors of w(-1)?
5
Let c = 51 - 12. What are the prime factors of c?
3, 13
Let y be 0/4 - (1 - 186). Suppose x = 6*x - y. Suppose -4*n + 11 + x = 0. What are the prime factors of n?
2, 3
Let p be 1/(-2) + 21/2. Suppose 2*x - 4*x = -p. Suppose 0 = 3*d - x*r - 24, d = -0*d - r. List the prime factors of d.
3
Let a = 51 - 30. List the prime factors of a.
3, 7
Let m = 20 + -23. List the prime factors of (m - 172/(-20))*5.
2, 7
Suppose -r = -5*y + 2*r - 111, -5*y = 5*r + 135. Let d be 12/2*(-10)/4. Let h = d - y. What are the prime factors of h?
3
Let h be (-906)/(-14) - (-4)/14. Let m be (-1)/(-3) - h/15. What are the prime factors of 7/m*(-5 + 1)?
7
Let j(k) = -k**2 + 12*k. Let b be j(12). Let m be (-3)/((-3)/(b - 3)). List the prime factors of (-10)/(-4)*(-6)/m.
5
Let x = -161 - -258. List the prime factors of x.
97
Let p = 8 + -5. List the prime factors of (-10)/6*(p + -12).
3, 5
Suppose 2*q = 3*q - 3. Suppose -i + 0*i + q = 0. Suppose 2*w + 9 = -i*g + 6*g, 0 = 2*g - 4*w - 6. List the prime factors of g.
3
Let w(b) = -5*b**3 - 2*b - 2. List the prime factors of w(-1).
5
Suppose 2*j - 5*v = 13, 3*v + 19 = -j + 5*j. List the prime factors of (78/j)/3*2.
13
Suppose -s + 19 = -2*o, -2*s + o + 40 = -2*o. List the prime factors of s.
23
Suppose 0 = -4*w - 2*l + 20, -4*w + 16 = 2*l - l. Suppose 2*c - 14 = -3*a, w*a = c + 2*a - 17. List the prime factors of c.
13
Suppose -8*h + 3*h - 24 = -a, 3*a + 2*h = 72. What are the prime factors of a?
2, 3
Suppose -5*d = -2*f - 0 - 3, 2*f = 2. Let u(m) = -d - 3*m + 0 + 2. List the prime factors of u(-3).
2, 5
Let p(c) = c**3 - 4*c**2 - 8*c + 7. Let h(t) = -4*t + 1. Let l be h(-1). Let g be p(l). Let k = g + 19. List the prime factors of k.
11
Let h(o) = -2*o - 1. Suppose 3*u + 12 - 6 = 0. What are the prime factors of h(u)?
3
Let w(s) = -5*s**2 - 4*s - 1. Let j(a) be the first derivative of -2*a**3 - 5*a**2/2 - 2*a - 3. Let p(r) = 4*j(r) - 5*w(r). What are the prime factors of p(3)?
2, 3
Suppose 3 = 5*w + 5*l + 23, -4*w = -5*l - 2. What are the prime factors of 2*(-2)/2*w?
2
Let h be ((-4)/(-6))/(8/6 - 2). Let w(i) = 1. Let v(f) = -15*f**3 - 2*f**2 - 2*f + 3. Let k(a) = v(a) - 4*w(a). List the prime factors of k(h).
2, 7
Let c(r) = 4*r + 10. List the prime factors of c(5).
2, 3, 5
Let j(y) = y**2 - 2*y + 12. Let p be j(-9). Suppose p = 3*b + 27. List the prime factors of b.
2, 7
Let x(d) = -3*d**3 + 5*d**2 - 5*d + 2. Let y(q) = 7*q**3 - 9*q**2 + 9*q - 3. Let j(s) = 5*x(s) + 2*y(s). What are the prime factors of j(5)?
19
Let y = -13 - -22. Suppose 61 = 5*f - y. List the prime factors of f.
2, 7
Let l(i) = 5*i - 2. Let g = 3 - 5. Let j = 4 + g. What are the prime factors of l(j)?
2
Let g = -14 + 28. What are the prime factors of g?
2, 7
Suppose 0 = 2*l + 5 + 1. Let i = l - -20. What are the prime factors of i?
17
Let j = 501 + -257. List the prime factors of j.
2, 61
Let d(h) = -2*h**2 + 4*h + 3. Let w be d(-3). Let m = w + 66. Suppose 0 = 3*a - 0*a - m. What are the prime factors of a?
13
Suppose -3*r + 11 = -43. Let z = r + 10. List the prime factors of z.
2, 7
Let g(z) = 9*z + 16. What are the prime factors of g(11)?
5, 23
Suppose 0 = -2*s + 29 + 1. What are the prime factors of s?
3, 5
Suppose 5*q = k - 32, 4*q + 7*k - 3*k + 16 = 0. Let o(s) = -s**3 + 4*s**2 + 7*s. Let p be o(5). Let w = p + q. What are the prime factors of w?
2
Let w be 2/2*(-1 + 4). Suppose 2*z - 6*z - 2*x = -4, -2*z - 14 = -w*x. List the prime factors of z + -1 - -1*10.
2
Suppose 0 = -r - 4*o + 30, -3*o - 38 = -r - 5*o. What are the prime factors of r?
2, 23
Suppose m - 3*c = -4 + 11, 0 = -5*m + 4*c - 9. Let p(z) = -z + 1. List the prime factors of p(m).
2, 3
Suppose 3*l + l - 12 = 0. Suppose -l*n = n - 24. Suppose h = 3*h - n. List the prime factors of h.
3
Let i(w) = w + 1. Let r be i(8). Let k = r - 6. List the prime factors of 7 + 0 + (-3)/k.
2, 3
Let w(p) = -p**3 - p**2 - p + 74. What are the prime factors of w(0)?
2, 37
Let d be (4/(-10))/((-3)/30). Suppose d*s = 20 - 0. Suppose s + 15 = 5*b. List the prime factors of b.
2
Let v(c) = -12*c. Let i(b) = -13*b - 1. Let y(m) = -5*i(m) + 6*v(m). What are the prime factors of y(-4)?
3, 11
Let d = 2 + 8. List the prime factors of d.
2, 5
Suppose -5 + 15 = -2*f - 5*w, f - 6 = 3*w. Suppose f = o - 8. Let d = o + -1. What are the prime factors of d?
7
Suppose -3*z + 308 = z - 2*m, 0 = -z + m + 77. What are the prime factors of z?
7, 11
Let t = 212 - 147. What are the prime factors of t?
5, 13
List the prime factors of -1 - (-16 - -1) - 0.
2, 7
Let w = -1 + 1. Let g(y) 